me factors of 609007498.
2, 11, 27682159
What are the prime factors of 159028974?
2, 3, 13, 19, 11923
List the prime factors of 2053961774.
2, 109, 9421843
List the prime factors of 295978732.
2, 7, 19, 556351
What are the prime factors of 5989976476?
2, 11, 47, 2896507
What are the prime factors of 2050949668?
2, 109, 4704013
What are the prime factors of 209328597?
3, 7752911
List the prime factors of 2725696185.
3, 5, 181713079
What are the prime factors of 43261643?
23, 1880941
List the prime factors of 2390854378.
2, 11, 108675199
List the prime factors of 2450497006.
2, 1225248503
List the prime factors of 33846695.
5, 19, 97, 3673
List the prime factors of 60847964.
2, 17, 83, 10781
List the prime factors of 72663839.
157, 462827
List the prime factors of 874047438.
2, 3, 11, 47, 93923
List the prime factors of 934453868.
2, 317, 736951
What are the prime factors of 27531389?
27531389
List the prime factors of 149806469.
19, 907, 8693
What are the prime factors of 502292560?
2, 5, 7, 11, 73, 1117
What are the prime factors of 38028619?
38028619
List the prime factors of 1496149881.
3, 103, 4841909
What are the prime factors of 1261344870?
2, 3, 5, 14014943
What are the prime factors of 10787038?
2, 853, 6323
List the prime factors of 1716198547.
7, 233, 1052237
List the prime factors of 73390010.
2, 5, 23, 29, 11003
List the prime factors of 11795806.
2, 11, 79, 617
What are the prime factors of 183718741?
29, 31, 204359
List the prime factors of 75656180.
2, 5, 71, 53279
What are the prime factors of 61448828?
2, 7, 353, 6217
List the prime factors of 67710845.
5, 2137, 6337
List the prime factors of 239257378.
2, 2143, 55823
List the prime factors of 33436686.
2, 3, 1667, 3343
What are the prime factors of 169796239?
169796239
List the prime factors of 645431440.
2, 5, 251, 32143
List the prime factors of 98115645.
3, 5, 2411, 2713
List the prime factors of 508825414.
2, 479, 531133
List the prime factors of 101018767.
101018767
List the prime factors of 473562343.
473562343
List the prime factors of 2981012155.
5, 11, 54200221
List the prime factors of 131134376.
2, 16391797
What are the prime factors of 36080109?
3, 13, 113, 2729
List the prime factors of 540767590.
2, 5, 11, 4916069
What are the prime factors of 32587920?
2, 3, 5, 47, 107
List the prime factors of 158875374.
2, 3, 7, 593, 6379
List the prime factors of 243808646.
2, 19, 47, 136511
What are the prime factors of 417160816?
2, 26072551
List the prime factors of 403562448.
2, 3, 199, 14083
List the prime factors of 1088571853.
23, 41, 179, 6449
What are the prime factors of 488998442?
2, 71, 599, 5749
What are the prime factors of 4016856471?
3, 367, 577, 6323
List the prime factors of 1029693338.
2, 227, 419, 5413
List the prime factors of 1813419496.
2, 7, 1811, 17881
List the prime factors of 103780357.
29, 3578633
List the prime factors of 1306505383.
907, 1440469
List the prime factors of 55626882.
2, 3, 691, 13417
What are the prime factors of 9660921?
3, 3220307
What are the prime factors of 1439689589?
13, 110745353
What are the prime factors of 512037419?
109, 619, 7589
What are the prime factors of 445078231?
13, 89, 127, 233
What are the prime factors of 332605680?
2, 3, 5, 11, 17, 7411
What are the prime factors of 466991765?
5, 47, 181, 10979
What are the prime factors of 1333891?
13, 102607
What are the prime factors of 10092338?
2, 563, 8963
List the prime factors of 50561277.
3, 13, 37, 947
List the prime factors of 1024383467.
17, 397, 151783
List the prime factors of 602155195.
5, 191, 630529
What are the prime factors of 2244037431?
3, 43, 71, 491, 499
List the prime factors of 10312777.
29, 199, 1787
List the prime factors of 543842104.
2, 13, 17, 29, 10607
List the prime factors of 448012407.
3, 17, 8784557
What are the prime factors of 281947580?
2, 5, 14097379
What are the prime factors of 21772168?
2, 11, 23, 31, 347
List the prime factors of 117433417.
117433417
What are the prime factors of 1168778634?
2, 3, 194796439
List the prime factors of 6011578169.
19, 316398851
List the prime factors of 374522013.
3, 41613557
List the prime factors of 128558737.
139, 617, 1499
What are the prime factors of 344251020?
2, 3, 5, 17, 19853
What are the prime factors of 321419453?
43, 7474871
What are the prime factors of 1338222223?
13, 102940171
List the prime factors of 34573871.
5857, 5903
What are the prime factors of 997862020?
2, 5, 49893101
List the prime factors of 53858833.
7, 43, 178933
List the prime factors of 3731491522.
2, 11, 169613251
List the prime factors of 60074674.
2, 11, 283, 9649
What are the prime factors of 7813025255?
5, 7, 1811, 17609
What are the prime factors of 751642372?
2, 13, 1111897
What are the prime factors of 52406450?
2, 5, 1048129
What are the prime factors of 437143127?
19, 23007533
What are the prime factors of 1092457983?
3, 59, 6172079
List the prime factors of 838032224.
2, 59, 443873
List the prime factors of 113742815.
5, 41, 554843
List the prime factors of 192738712.
2, 23, 647, 1619
What are the prime factors of 4530532245?
3, 5, 43, 7024081
List the prime factors of 45341103.
3, 73, 207037
List the prime factors of 387224301.
3, 773, 166979
List the prime factors of 6456441477.
3, 29, 74211971
What are the prime factors of 14866930?
2, 5, 13, 19, 463
What are the prime factors of 535174804?
2, 41, 151, 21611
List the prime factors of 2055223579.
107, 197, 97501
What are the prime factors of 1538716845?
3, 5, 102581123
List the prime factors of 64286401.
17, 41, 92233
What are the prime factors of 38435687?
38435687
List the prime factors of 379686393.
3, 277, 50767
List the prime factors of 196753684.
2, 23, 191, 11197
What are the prime factors of 183516931?
13, 23, 31, 1523
List the prime factors of 1556826641.
239, 6513919
List the prime factors of 33906345.
3, 5, 11, 205493
List the prime factors of 1159165794.
2, 3, 19, 47, 67, 3229
What are the prime factors of 489332344?
2, 61166543
What are the prime factors of 49047633?
3, 89, 20411
List the prime factors of 511973346.
2, 3, 85328891
What are the prime factors of 47401281?
3, 97, 2011
List the prime factors of 159331574.
2, 2213, 35999
List the prime factors of 67758459.
3, 89, 253777
What are the prime factors of 270373084?
2, 67593271
What are the prime factors of 1008993831?
3, 23, 14623099
List the prime factors of 954786360.
2, 3, 5, 11, 31, 23333
List the prime factors of 2930304512.
2, 23, 31, 349
What are the prime factors of 1294694418?
2, 3, 6317, 34159
What are the prime factors of 18304945?
5, 29, 126241
List the prime factors of 400431317.
11, 13, 2800219
List the prime factors of 2257081325.
5, 31, 613, 4751
List the prime factors of 8307575633.
7, 19889, 59671
What are the prime factors of 982049607?
3, 7, 11, 23, 61613
List the prime factors of 1681237407.
3, 251, 787, 2837
List the prime factors of 63817392.
2, 3, 1329529
What are the prime factors of 87863600?
2, 5, 11, 19, 1051
List the prime factors of 1607299290.
2, 3, 5, 523, 34147
What are the prime factors of 170960732?
2, 1901, 22483
What are the prime factors of 1213415981?
19, 31, 2060129
List the prime factors of 16859621.
23, 311, 2357
What are the prime factors of 2984396331?
3, 7, 113, 1257647
List the prime factors of 7237633231.
25247, 286673
What are the prime factors of 198619166?
2, 83, 1196501
List the prime factors of 31627308.
2, 3, 191, 13799
What are the prime factors of 1378493632?
2, 503, 42821
List the prime factors of 50145599.
7, 61, 117437
List the prime factors of 231128132.
2, 107, 163, 3313
What are the prime factors of 691985709?
3, 167, 460403
List the prime factors of 64804993.
11, 5891363
List the prime factors of 1869409.
83, 101, 223
What are the prime factors of 8945557?
47, 190331
List the prime factors of 595416533.
109, 5462537
What are the prime factors of 1430492864?
2, 523, 42737
What are the prime factors of 3998692475?
5, 159947699
List the prime factors of 11910422.
2, 5955211
List the prime factors of 328527161.
328527161
List the prime factors of 83940346.
2, 7, 37, 131, 1237
What are the prime factors of 3960388077?
3, 83, 15905173
What are the prime factors of 1111539699?
3, 23, 1789919
What are the prime factors of 23598971